{"id":7,"date":"2021-07-08T15:08:42","date_gmt":"2021-07-08T18:08:42","guid":{"rendered":"https:\/\/www.brahmakumaris.org.br\/deus\/?page_id=7"},"modified":"2021-12-30T18:10:36","modified_gmt":"2021-12-30T21:10:36","slug":"abertura","status":"publish","type":"page","link":"https:\/\/www.brahmakumaris.org.br\/deus\/","title":{"rendered":"Abertura"},"content":{"rendered":"\t\t<div data-elementor-type=\"wp-page\" data-elementor-id=\"7\" class=\"elementor elementor-7\" data-elementor-settings=\"[]\">\n\t\t\t\t\t\t\t<div class=\"elementor-section-wrap\">\n\t\t\t\t\t\t\t<header class=\"elementor-section elementor-top-section elementor-element elementor-element-195e4d7d elementor-section-full_width elementor-section-height-min-height elementor-section-items-top elementor-section-content-middle she-header-yes she-header-hide-on-scroll-yes elementor-section-height-default\" data-id=\"195e4d7d\" data-element_type=\"section\" data-settings=\"{&quot;transparent&quot;:&quot;yes&quot;,&quot;scroll_distance_tablet&quot;:{&quot;unit&quot;:&quot;px&quot;,&quot;size&quot;:45,&quot;sizes&quot;:[]},&quot;scroll_distance_mobile&quot;:{&quot;unit&quot;:&quot;px&quot;,&quot;size&quot;:45,&quot;sizes&quot;:[]},&quot;hide_header&quot;:&quot;yes&quot;,&quot;animation&quot;:&quot;none&quot;,&quot;background_background&quot;:&quot;classic&quot;,&quot;_ha_eqh_enable&quot;:false,&quot;transparent_on&quot;:[&quot;desktop&quot;,&quot;tablet&quot;,&quot;mobile&quot;],&quot;scroll_distance&quot;:{&quot;unit&quot;:&quot;px&quot;,&quot;size&quot;:60,&quot;sizes&quot;:[]},&quot;scroll_distance_hide_header&quot;:{&quot;unit&quot;:&quot;px&quot;,&quot;size&quot;:500,&quot;sizes&quot;:[]},&quot;scroll_distance_hide_header_tablet&quot;:{&quot;unit&quot;:&quot;px&quot;,&quot;size&quot;:&quot;&quot;,&quot;sizes&quot;:[]},&quot;scroll_distance_hide_header_mobile&quot;:{&quot;unit&quot;:&quot;px&quot;,&quot;size&quot;:&quot;&quot;,&quot;sizes&quot;:[]}}\">\n\t\t\t\t\t\t<div class=\"elementor-container elementor-column-gap-no\">\n\t\t\t\t\t<div class=\"elementor-column elementor-col-50 elementor-top-column elementor-element elementor-element-d41cf85\" data-id=\"d41cf85\" data-element_type=\"column\" data-settings=\"{&quot;background_background&quot;:&quot;classic&quot;}\">\n\t\t\t<div class=\"elementor-widget-wrap elementor-element-populated\">\n\t\t\t\t\t\t\t\t<div class=\"elementor-element elementor-element-3131eaf6 elementor-hidden-phone elementor-widget elementor-widget-image\" data-id=\"3131eaf6\" data-element_type=\"widget\" data-settings=\"{&quot;ha_floating_fx&quot;:&quot;yes&quot;}\" data-widget_type=\"image.default\">\n\t\t\t\t<div class=\"elementor-widget-container\">\n\t\t\t\t\t\t\t\t\t\t\t\t\t\t\t\t<a href=\"https:\/\/www.brahmakumaris.org.br\/\">\n\t\t\t\t\t\t\t<img width=\"1060\" height=\"243\" src=\"https:\/\/www.brahmakumaris.org.br\/deus\/wp-content\/uploads\/2021\/07\/LOGO-BK-RGB-horizontal.png\" class=\"attachment-full size-full\" alt=\"\" loading=\"lazy\" srcset=\"https:\/\/www.brahmakumaris.org.br\/deus\/wp-content\/uploads\/2021\/07\/LOGO-BK-RGB-horizontal.png 1060w, https:\/\/www.brahmakumaris.org.br\/deus\/wp-content\/uploads\/2021\/07\/LOGO-BK-RGB-horizontal-300x69.png 300w, https:\/\/www.brahmakumaris.org.br\/deus\/wp-content\/uploads\/2021\/07\/LOGO-BK-RGB-horizontal-1024x235.png 1024w, https:\/\/www.brahmakumaris.org.br\/deus\/wp-content\/uploads\/2021\/07\/LOGO-BK-RGB-horizontal-768x176.png 768w\" sizes=\"(max-width: 1060px) 100vw, 1060px\" \/>\t\t\t\t\t\t\t\t<\/a>\n\t\t\t\t\t\t\t\t\t\t\t\t\t\t\t<\/div>\n\t\t\t\t<\/div>\n\t\t\t\t<div class=\"elementor-element elementor-element-1328f72 elementor-widget-mobile__width-auto elementor-absolute elementor-hidden-desktop elementor-hidden-tablet elementor-widget elementor-widget-image\" data-id=\"1328f72\" data-element_type=\"widget\" data-settings=\"{&quot;ha_floating_fx&quot;:&quot;yes&quot;,&quot;_position&quot;:&quot;absolute&quot;}\" data-widget_type=\"image.default\">\n\t\t\t\t<div class=\"elementor-widget-container\">\n\t\t\t\t\t\t\t\t\t\t\t\t\t\t\t\t<a href=\"https:\/\/www.brahmakumaris.org.br\/\">\n\t\t\t\t\t\t\t<img src=\"https:\/\/www.brahmakumaris.org.br\/deus\/wp-content\/uploads\/elementor\/thumbs\/logo-bk-simbolo-qtkt58q1be2bm7teors7u6mdbk4heknn2qchhdey0w.png\" title=\"logo-bk-simbolo\" alt=\"logo-bk-simbolo\" \/>\t\t\t\t\t\t\t\t<\/a>\n\t\t\t\t\t\t\t\t\t\t\t\t\t\t\t<\/div>\n\t\t\t\t<\/div>\n\t\t\t\t\t<\/div>\n\t\t<\/div>\n\t\t\t\t<div class=\"elementor-column elementor-col-50 elementor-top-column elementor-element elementor-element-20513e10\" data-id=\"20513e10\" data-element_type=\"column\">\n\t\t\t<div class=\"elementor-widget-wrap elementor-element-populated\">\n\t\t\t\t\t\t\t\t<div class=\"elementor-element elementor-element-6012fd58 hfe-menu-item-flex-end elementor-absolute hfe-menu-item-flex-end hfe-submenu-icon-arrow hfe-link-redirect-child elementor-widget elementor-widget-navigation-menu\" data-id=\"6012fd58\" data-element_type=\"widget\" data-settings=\"{&quot;hamburger_align&quot;:&quot;right&quot;,&quot;hamburger_menu_align&quot;:&quot;flex-end&quot;,&quot;ha_floating_fx&quot;:&quot;yes&quot;,&quot;_position&quot;:&quot;absolute&quot;,&quot;hamburger_align_mobile&quot;:&quot;right&quot;,&quot;hamburger_menu_align_mobile&quot;:&quot;flex-end&quot;,&quot;padding_horizontal_dropdown_item&quot;:{&quot;unit&quot;:&quot;px&quot;,&quot;size&quot;:10,&quot;sizes&quot;:[]},&quot;dropdown_border_radius&quot;:{&quot;unit&quot;:&quot;px&quot;,&quot;top&quot;:&quot;&quot;,&quot;right&quot;:&quot;&quot;,&quot;bottom&quot;:&quot;&quot;,&quot;left&quot;:&quot;&quot;,&quot;isLinked&quot;:true},&quot;dropdown_border_radius_tablet&quot;:{&quot;unit&quot;:&quot;px&quot;,&quot;top&quot;:&quot;&quot;,&quot;right&quot;:&quot;&quot;,&quot;bottom&quot;:&quot;&quot;,&quot;left&quot;:&quot;&quot;,&quot;isLinked&quot;:true},&quot;dropdown_border_radius_mobile&quot;:{&quot;unit&quot;:&quot;px&quot;,&quot;top&quot;:&quot;&quot;,&quot;right&quot;:&quot;&quot;,&quot;bottom&quot;:&quot;&quot;,&quot;left&quot;:&quot;&quot;,&quot;isLinked&quot;:true},&quot;padding_horizontal_dropdown_item_tablet&quot;:{&quot;unit&quot;:&quot;px&quot;,&quot;size&quot;:&quot;&quot;,&quot;sizes&quot;:[]},&quot;padding_horizontal_dropdown_item_mobile&quot;:{&quot;unit&quot;:&quot;px&quot;,&quot;size&quot;:&quot;&quot;,&quot;sizes&quot;:[]},&quot;padding_vertical_dropdown_item&quot;:{&quot;unit&quot;:&quot;px&quot;,&quot;size&quot;:15,&quot;sizes&quot;:[]},&quot;padding_vertical_dropdown_item_tablet&quot;:{&quot;unit&quot;:&quot;px&quot;,&quot;size&quot;:&quot;&quot;,&quot;sizes&quot;:[]},&quot;padding_vertical_dropdown_item_mobile&quot;:{&quot;unit&quot;:&quot;px&quot;,&quot;size&quot;:&quot;&quot;,&quot;sizes&quot;:[]},&quot;distance_from_menu&quot;:{&quot;unit&quot;:&quot;px&quot;,&quot;size&quot;:&quot;&quot;,&quot;sizes&quot;:[]},&quot;distance_from_menu_tablet&quot;:{&quot;unit&quot;:&quot;px&quot;,&quot;size&quot;:&quot;&quot;,&quot;sizes&quot;:[]},&quot;distance_from_menu_mobile&quot;:{&quot;unit&quot;:&quot;px&quot;,&quot;size&quot;:&quot;&quot;,&quot;sizes&quot;:[]},&quot;toggle_size&quot;:{&quot;unit&quot;:&quot;px&quot;,&quot;size&quot;:&quot;&quot;,&quot;sizes&quot;:[]},&quot;toggle_size_tablet&quot;:{&quot;unit&quot;:&quot;px&quot;,&quot;size&quot;:&quot;&quot;,&quot;sizes&quot;:[]},&quot;toggle_size_mobile&quot;:{&quot;unit&quot;:&quot;px&quot;,&quot;size&quot;:&quot;&quot;,&quot;sizes&quot;:[]},&quot;toggle_border_width&quot;:{&quot;unit&quot;:&quot;px&quot;,&quot;size&quot;:&quot;&quot;,&quot;sizes&quot;:[]},&quot;toggle_border_width_tablet&quot;:{&quot;unit&quot;:&quot;px&quot;,&quot;size&quot;:&quot;&quot;,&quot;sizes&quot;:[]},&quot;toggle_border_width_mobile&quot;:{&quot;unit&quot;:&quot;px&quot;,&quot;size&quot;:&quot;&quot;,&quot;sizes&quot;:[]},&quot;toggle_border_radius&quot;:{&quot;unit&quot;:&quot;px&quot;,&quot;size&quot;:&quot;&quot;,&quot;sizes&quot;:[]},&quot;toggle_border_radius_tablet&quot;:{&quot;unit&quot;:&quot;px&quot;,&quot;size&quot;:&quot;&quot;,&quot;sizes&quot;:[]},&quot;toggle_border_radius_mobile&quot;:{&quot;unit&quot;:&quot;px&quot;,&quot;size&quot;:&quot;&quot;,&quot;sizes&quot;:[]}}\" data-widget_type=\"navigation-menu.default\">\n\t\t\t\t<div class=\"elementor-widget-container\">\n\t\t\t\t\t\t<div class=\"hfe-nav-menu hfe-layout-expandible hfe-nav-menu-layout expandible\" data-layout=\"expandible\">\n\t\t\t\t<div class=\"hfe-nav-menu__toggle elementor-clickable\">\n\t\t\t\t\t<div class=\"hfe-nav-menu-icon\">\n\t\t\t\t\t\t<i aria-hidden=\"true\" tabindex=\"0\" class=\"fas fa-align-justify\"><\/i>\t\t\t\t\t<\/div>\n\t\t\t\t<\/div>\n\t\t\t\t<nav class=\"hfe-dropdown-expandible hfe-nav-menu__layout-expandible hfe-nav-menu__submenu-arrow\" data-toggle-icon=\"&lt;i aria-hidden=&quot;true&quot; tabindex=&quot;0&quot; class=&quot;fas fa-align-justify&quot;&gt;&lt;\/i&gt;\" data-close-icon=\"&lt;i aria-hidden=&quot;true&quot; tabindex=&quot;0&quot; class=&quot;far fa-window-close&quot;&gt;&lt;\/i&gt;\" data-full-width=\"yes\"><ul id=\"menu-1-6012fd58\" class=\"hfe-nav-menu\"><li id=\"menu-item-418\" class=\"menu-item menu-item-type-post_type menu-item-object-page menu-item-home parent hfe-creative-menu\"><a href=\"https:\/\/www.brahmakumaris.org.br\/deus\/\" class = \"hfe-menu-item\">Abertura<\/a><\/li>\n<li id=\"menu-item-1882\" class=\"menu-item menu-item-type-post_type menu-item-object-page parent hfe-creative-menu\"><a href=\"https:\/\/www.brahmakumaris.org.br\/deus\/introducao\/\" class = \"hfe-menu-item\">Introdu\u00e7\u00e3o<\/a><\/li>\n<li id=\"menu-item-445\" class=\"menu-item menu-item-type-post_type menu-item-object-page parent hfe-creative-menu\"><a href=\"https:\/\/www.brahmakumaris.org.br\/deus\/as-qualidades-de-deus\/\" class = \"hfe-menu-item\">As Qualidades de Deus<\/a><\/li>\n<li id=\"menu-item-1614\" class=\"menu-item menu-item-type-post_type menu-item-object-page parent hfe-creative-menu\"><a href=\"https:\/\/www.brahmakumaris.org.br\/deus\/faces-de-deus\/\" class = \"hfe-menu-item\">As Faces de Deus<\/a><\/li>\n<li id=\"menu-item-1625\" class=\"menu-item menu-item-type-post_type menu-item-object-page parent hfe-creative-menu\"><a href=\"https:\/\/www.brahmakumaris.org.br\/deus\/experiencias\/\" class = \"hfe-menu-item\">Experi\u00eancias Pessoais<\/a><\/li>\n<li id=\"menu-item-1622\" class=\"menu-item menu-item-type-post_type menu-item-object-page parent hfe-creative-menu\"><a href=\"https:\/\/www.brahmakumaris.org.br\/deus\/meditacoes\/\" class = \"hfe-menu-item\">Medita\u00e7\u00f5es<\/a><\/li>\n<li id=\"menu-item-1879\" class=\"menu-item menu-item-type-post_type menu-item-object-page parent hfe-creative-menu\"><a href=\"https:\/\/www.brahmakumaris.org.br\/deus\/creditos\/\" class = \"hfe-menu-item\">Cr\u00e9ditos<\/a><\/li>\n<\/ul><\/nav>              \n\t\t\t<\/div>\n\t\t\t\t\t<\/div>\n\t\t\t\t<\/div>\n\t\t\t\t\t<\/div>\n\t\t<\/div>\n\t\t\t\t\t\t\t<\/div>\n\t\t<\/header>\n\t\t\t\t<section class=\"elementor-section elementor-top-section elementor-element elementor-element-9bbe70a elementor-section-full_width elementor-section-height-default elementor-section-height-default\" data-id=\"9bbe70a\" data-element_type=\"section\" data-settings=\"{&quot;background_background&quot;:&quot;classic&quot;,&quot;animation&quot;:&quot;none&quot;,&quot;animation_tablet&quot;:&quot;none&quot;,&quot;_ha_eqh_enable&quot;:false}\">\n\t\t\t\t\t\t\t<div class=\"elementor-background-overlay\"><\/div>\n\t\t\t\t\t\t\t<div class=\"elementor-container elementor-column-gap-default\">\n\t\t\t\t\t<div class=\"elementor-column elementor-col-100 elementor-top-column elementor-element elementor-element-198ed57\" data-id=\"198ed57\" data-element_type=\"column\">\n\t\t\t<div class=\"elementor-widget-wrap elementor-element-populated\">\n\t\t\t\t\t\t\t\t<div class=\"elementor-element elementor-element-2b9a60b elementor-widget elementor-widget-heading\" data-id=\"2b9a60b\" data-element_type=\"widget\" data-widget_type=\"heading.default\">\n\t\t\t\t<div class=\"elementor-widget-container\">\n\t\t\t<h1 class=\"elementor-heading-title elementor-size-default\">Deus<\/h1>\t\t<\/div>\n\t\t\t\t<\/div>\n\t\t\t\t<div class=\"elementor-element elementor-element-1d834b3 elementor-widget elementor-widget-text-editor\" data-id=\"1d834b3\" data-element_type=\"widget\" data-widget_type=\"text-editor.default\">\n\t\t\t\t<div class=\"elementor-widget-container\">\n\t\t\t\t\t\t\t<p>Na perspectiva do Raja Yoga<\/p>\t\t\t\t\t\t<\/div>\n\t\t\t\t<\/div>\n\t\t\t\t<div class=\"elementor-element elementor-element-be16e0a elementor-widget elementor-widget-premium-addon-modal-box\" data-id=\"be16e0a\" data-element_type=\"widget\" data-settings=\"{&quot;premium_modal_box_animation&quot;:&quot;fadeInDown&quot;}\" data-widget_type=\"premium-addon-modal-box.default\">\n\t\t\t\t<div class=\"elementor-widget-container\">\n\t\t\t\r\n\t\t<div class=\"container premium-modal-box-container\" data-settings=\"{&quot;trigger&quot;:&quot;button&quot;}\">\r\n\t\t\t<div class=\"premium-modal-trigger-container\">\r\n\t\t\t\t\t\t\t\t\t<button data-toggle=\"premium-modal\" data-target=\"#premium-modal-be16e0a\" type=\"button\" class=\"premium-modal-trigger-btn premium-btn-lg\">\r\n\t\t\t\t\t\t\t\t\t\t\t\t<span>INTRODU\u00c7\u00c3O<\/span>\r\n\t\t\t\t\t\t\t\t\t\t\t<\/button>\r\n\t\t\t\t\t\t\t<\/div>\r\n\r\n\t\t\t<div id=\"premium-modal-be16e0a\" class=\"premium-modal-box-modal\" role=\"dialog\" style=\"display: none\">\r\n\t\t\t\t<div class=\"premium-modal-box-modal-dialog\" data-delay-animation=\"\" data-modal-animation=\"fadeInDown animated-fast\">\r\n\t\t\t\t\t\t\t\t\t\t\t<div class=\"premium-modal-box-modal-header\">\r\n\t\t\t\t\t\t\t\t\t\t\t\t\t\t\t<h3 class=\"premium-modal-box-modal-title\">\r\n\t\t\t\t\t\t\t\t\tIntrodu\u00e7\u00e3o\t\t\t\t\t\t\t\t<\/h3>\r\n\t\t\t\t\t\t\t\t\t\t\t\t\t\t\t\t\t\t\t\t\t\t<div class=\"premium-modal-box-close-button-container\">\r\n\t\t\t\t\t\t\t\t\t<button type=\"button\" class=\"premium-modal-box-modal-close\" data-dismiss=\"premium-modal\">&times;<\/button>\r\n\t\t\t\t\t\t\t\t<\/div>\r\n\t\t\t\t\t\t\t\t\t\t\t\t\t<\/div>\r\n\t\t\t\t\t\t\t\t\t\t<div class=\"premium-modal-box-modal-body\">\r\n\t\t\t\t\t\t<p>Ao longo da hist\u00f3ria, em todos os cantos do mundo e em todas as l\u00ednguas, n\u00e3o h\u00e1 ningu\u00e9m que tenha sido mais lembrado e invocado do que o Ser Supremo.<\/p><p>E possivelmente, nunca antes estivemos t\u00e3o necessitados da experi\u00eancia espiritual \u2013 aquela que nos d\u00e1 for\u00e7a interna e nos preenche de paz e amor verdadeiro.<\/p><p>Talvez por isso, cada vez mais pessoas se sentam diariamente para focar suas mentes, receber as vibra\u00e7\u00f5es divinas e espalh\u00e1-las pelo mundo. Essa pr\u00e1tica \u00e9 chamada de Raja Yoga, ou yoga espiritual. \u00c9 atrav\u00e9s desse encontro sutil que criamos um relacionamento de proximidade com o Divino, e aprendemos a conhecer suas qualidades e atividades.<\/p><p>Essa apresenta\u00e7\u00e3o traz um pouco da nossa jornada, e tenta mostrar algumas faces daquele que \u00e9 lembrado como a Luz Viva e a Fonte de amor e conhecimento.<\/p>\t\t\t\t\t<\/div>\r\n\t\t\t\t\t\t\t\t\t\t\t<div class=\"premium-modal-box-modal-footer\">\r\n\t\t\t\t\t\t\t<button type=\"button\" class=\"premium-modal-box-modal-lower-close\" data-dismiss=\"premium-modal\">\r\n\t\t\t\t\t\t\t\tFechar\t\t\t\t\t\t\t<\/button>\r\n\t\t\t\t\t\t<\/div>\r\n\t\t\t\t\t\t\t\t\t<\/div>\r\n\t\t\t<\/div>\r\n\t\t<\/div>\r\n\r\n\t\t\t\t<\/div>\n\t\t\t\t<\/div>\n\t\t\t\t<section class=\"elementor-section elementor-inner-section elementor-element elementor-element-2deb8f6 elementor-section-boxed elementor-section-height-default elementor-section-height-default\" data-id=\"2deb8f6\" data-element_type=\"section\" data-settings=\"{&quot;_ha_eqh_enable&quot;:false}\">\n\t\t\t\t\t\t<div class=\"elementor-container elementor-column-gap-default\">\n\t\t\t\t\t<div class=\"elementor-column elementor-col-50 elementor-inner-column elementor-element elementor-element-8095c42\" data-id=\"8095c42\" data-element_type=\"column\" data-settings=\"{&quot;background_background&quot;:&quot;classic&quot;}\">\n\t\t\t<div class=\"elementor-widget-wrap elementor-element-populated\">\n\t\t\t\t\t\t\t\t<div class=\"elementor-element elementor-element-cb5bbfb ha-card--left ha-card--tablet-top ha-card--mobile-top elementor-widget elementor-widget-ha-card happy-addon ha-card\" data-id=\"cb5bbfb\" data-element_type=\"widget\" data-widget_type=\"ha-card.default\">\n\t\t\t\t<div class=\"elementor-widget-container\">\n\t\t\t\n\t\t\t\t\t<figure class=\"ha-card-figure\">\n\t\t\t\t<img width=\"300\" height=\"270\" src=\"https:\/\/www.brahmakumaris.org.br\/deus\/wp-content\/uploads\/2021\/12\/abertura_qualidades-300x270.jpg\" class=\"attachment-medium size-medium\" alt=\"\" loading=\"lazy\" srcset=\"https:\/\/www.brahmakumaris.org.br\/deus\/wp-content\/uploads\/2021\/12\/abertura_qualidades-300x270.jpg 300w, https:\/\/www.brahmakumaris.org.br\/deus\/wp-content\/uploads\/2021\/12\/abertura_qualidades-768x691.jpg 768w, https:\/\/www.brahmakumaris.org.br\/deus\/wp-content\/uploads\/2021\/12\/abertura_qualidades.jpg 800w\" sizes=\"(max-width: 300px) 100vw, 300px\" \/>\t\t\t\t\t\t\t<\/figure>\n\t\t\n\t\t<div class=\"ha-card-body\">\n\n\t\t\t<h2 class=\"ha-card-title\">As Qualidades de Deus<\/h2>\n\t\t\t\n\t\t\t<a class=\"ha-btn\" href=\"https:\/\/www.brahmakumaris.org.br\/deus\/as-qualidades-de-deus\/\"><span class=\"ha-btn-text\">ENTRAR<\/span><\/a>\t\t<\/div>\n\t\t\t\t<\/div>\n\t\t\t\t<\/div>\n\t\t\t\t\t<\/div>\n\t\t<\/div>\n\t\t\t\t<div class=\"elementor-column elementor-col-50 elementor-inner-column elementor-element elementor-element-c310c15\" data-id=\"c310c15\" data-element_type=\"column\" data-settings=\"{&quot;background_background&quot;:&quot;classic&quot;}\">\n\t\t\t<div class=\"elementor-widget-wrap elementor-element-populated\">\n\t\t\t\t\t\t\t\t<div class=\"elementor-element elementor-element-41aac7d ha-card--left ha-card--tablet-top ha-card--mobile-top elementor-widget elementor-widget-ha-card happy-addon ha-card\" data-id=\"41aac7d\" data-element_type=\"widget\" data-widget_type=\"ha-card.default\">\n\t\t\t\t<div class=\"elementor-widget-container\">\n\t\t\t\n\t\t\t\t\t<figure class=\"ha-card-figure\">\n\t\t\t\t<img width=\"300\" height=\"270\" src=\"https:\/\/www.brahmakumaris.org.br\/deus\/wp-content\/uploads\/2021\/12\/abertura_faces-300x270.jpg\" class=\"attachment-medium size-medium\" alt=\"\" loading=\"lazy\" srcset=\"https:\/\/www.brahmakumaris.org.br\/deus\/wp-content\/uploads\/2021\/12\/abertura_faces-300x270.jpg 300w, https:\/\/www.brahmakumaris.org.br\/deus\/wp-content\/uploads\/2021\/12\/abertura_faces-768x691.jpg 768w, https:\/\/www.brahmakumaris.org.br\/deus\/wp-content\/uploads\/2021\/12\/abertura_faces.jpg 800w\" sizes=\"(max-width: 300px) 100vw, 300px\" \/>\t\t\t\t\t\t\t<\/figure>\n\t\t\n\t\t<div class=\"ha-card-body\">\n\n\t\t\t<h2 class=\"ha-card-title\">As Faces de Deus<\/h2>\n\t\t\t\n\t\t\t<a class=\"ha-btn\" href=\"https:\/\/www.brahmakumaris.org.br\/deus\/faces-de-deus\/\"><span class=\"ha-btn-text\">ENTRAR<\/span><\/a>\t\t<\/div>\n\t\t\t\t<\/div>\n\t\t\t\t<\/div>\n\t\t\t\t\t<\/div>\n\t\t<\/div>\n\t\t\t\t\t\t\t<\/div>\n\t\t<\/section>\n\t\t\t\t<section class=\"elementor-section elementor-inner-section elementor-element elementor-element-cc04760 elementor-section-boxed elementor-section-height-default elementor-section-height-default\" data-id=\"cc04760\" data-element_type=\"section\" data-settings=\"{&quot;_ha_eqh_enable&quot;:false}\">\n\t\t\t\t\t\t<div class=\"elementor-container elementor-column-gap-default\">\n\t\t\t\t\t<div class=\"elementor-column elementor-col-50 elementor-inner-column elementor-element elementor-element-56c9077\" data-id=\"56c9077\" data-element_type=\"column\" data-settings=\"{&quot;background_background&quot;:&quot;classic&quot;}\">\n\t\t\t<div class=\"elementor-widget-wrap elementor-element-populated\">\n\t\t\t\t\t\t\t\t<div class=\"elementor-element elementor-element-8849b4a ha-card--left ha-card--tablet-top ha-card--mobile-top elementor-widget elementor-widget-ha-card happy-addon ha-card\" data-id=\"8849b4a\" data-element_type=\"widget\" data-widget_type=\"ha-card.default\">\n\t\t\t\t<div class=\"elementor-widget-container\">\n\t\t\t\n\t\t\t\t\t<figure class=\"ha-card-figure\">\n\t\t\t\t<img width=\"300\" height=\"270\" src=\"https:\/\/www.brahmakumaris.org.br\/deus\/wp-content\/uploads\/2021\/12\/abertura_meditacoes-300x270.jpg\" class=\"attachment-medium size-medium\" alt=\"\" loading=\"lazy\" srcset=\"https:\/\/www.brahmakumaris.org.br\/deus\/wp-content\/uploads\/2021\/12\/abertura_meditacoes-300x270.jpg 300w, https:\/\/www.brahmakumaris.org.br\/deus\/wp-content\/uploads\/2021\/12\/abertura_meditacoes-768x691.jpg 768w, https:\/\/www.brahmakumaris.org.br\/deus\/wp-content\/uploads\/2021\/12\/abertura_meditacoes.jpg 800w\" sizes=\"(max-width: 300px) 100vw, 300px\" \/>\t\t\t\t\t\t\t<\/figure>\n\t\t\n\t\t<div class=\"ha-card-body\">\n\n\t\t\t<h2 class=\"ha-card-title\">Medita\u00e7\u00f5es<\/h2>\n\t\t\t\n\t\t\t<a class=\"ha-btn\" href=\"https:\/\/www.brahmakumaris.org.br\/deus\/meditacoes\/\"><span class=\"ha-btn-text\">ENTRAR<\/span><\/a>\t\t<\/div>\n\t\t\t\t<\/div>\n\t\t\t\t<\/div>\n\t\t\t\t\t<\/div>\n\t\t<\/div>\n\t\t\t\t<div class=\"elementor-column elementor-col-50 elementor-inner-column elementor-element elementor-element-750f95b\" data-id=\"750f95b\" data-element_type=\"column\" data-settings=\"{&quot;background_background&quot;:&quot;classic&quot;}\">\n\t\t\t<div class=\"elementor-widget-wrap elementor-element-populated\">\n\t\t\t\t\t\t\t\t<div class=\"elementor-element elementor-element-c64bd6c ha-card--left ha-card--tablet-top ha-card--mobile-top elementor-widget elementor-widget-ha-card happy-addon ha-card\" data-id=\"c64bd6c\" data-element_type=\"widget\" data-widget_type=\"ha-card.default\">\n\t\t\t\t<div class=\"elementor-widget-container\">\n\t\t\t\n\t\t\t\t\t<figure class=\"ha-card-figure\">\n\t\t\t\t<img width=\"300\" height=\"270\" src=\"https:\/\/www.brahmakumaris.org.br\/deus\/wp-content\/uploads\/2021\/12\/abertura_depoimentos-300x270.jpg\" class=\"attachment-medium size-medium\" alt=\"\" loading=\"lazy\" srcset=\"https:\/\/www.brahmakumaris.org.br\/deus\/wp-content\/uploads\/2021\/12\/abertura_depoimentos-300x270.jpg 300w, https:\/\/www.brahmakumaris.org.br\/deus\/wp-content\/uploads\/2021\/12\/abertura_depoimentos-768x691.jpg 768w, https:\/\/www.brahmakumaris.org.br\/deus\/wp-content\/uploads\/2021\/12\/abertura_depoimentos.jpg 800w\" sizes=\"(max-width: 300px) 100vw, 300px\" \/>\t\t\t\t\t\t\t<\/figure>\n\t\t\n\t\t<div class=\"ha-card-body\">\n\n\t\t\t<h2 class=\"ha-card-title\">Experi\u00eancias Pessoais<\/h2>\n\t\t\t\n\t\t\t<a class=\"ha-btn\" href=\"https:\/\/www.brahmakumaris.org.br\/deus\/experiencias\/\"><span class=\"ha-btn-text\">ENTRAR<\/span><\/a>\t\t<\/div>\n\t\t\t\t<\/div>\n\t\t\t\t<\/div>\n\t\t\t\t\t<\/div>\n\t\t<\/div>\n\t\t\t\t\t\t\t<\/div>\n\t\t<\/section>\n\t\t\t\t\t<\/div>\n\t\t<\/div>\n\t\t\t\t\t\t\t<\/div>\n\t\t<\/section>\n\t\t\t\t<section class=\"elementor-section elementor-top-section elementor-element elementor-element-2a784945 elementor-section-full_width elementor-section-height-default elementor-section-height-default\" data-id=\"2a784945\" data-element_type=\"section\" data-settings=\"{&quot;_ha_eqh_enable&quot;:false}\">\n\t\t\t\t\t\t<div class=\"elementor-container elementor-column-gap-default\">\n\t\t\t\t\t<div class=\"elementor-column elementor-col-100 elementor-top-column elementor-element elementor-element-69c00a1b\" data-id=\"69c00a1b\" data-element_type=\"column\">\n\t\t\t<div class=\"elementor-widget-wrap elementor-element-populated\">\n\t\t\t\t\t\t\t\t<div class=\"elementor-element elementor-element-4a75d20c elementor-widget elementor-widget-text-editor\" data-id=\"4a75d20c\" data-element_type=\"widget\" data-widget_type=\"text-editor.default\">\n\t\t\t\t<div class=\"elementor-widget-container\">\n\t\t\t\t\t\t\t<p>\u00a9 2022 Brahma Kumaris<\/p>\t\t\t\t\t\t<\/div>\n\t\t\t\t<\/div>\n\t\t\t\t\t<\/div>\n\t\t<\/div>\n\t\t\t\t\t\t\t<\/div>\n\t\t<\/section>\n\t\t\t\t\t\t<\/div>\n\t\t\t\t\t<\/div>\n\t\t","protected":false},"excerpt":{"rendered":"<p>Abertura Introdu\u00e7\u00e3o As Qualidades de Deus As Faces de Deus Experi\u00eancias Pessoais Medita\u00e7\u00f5es Cr\u00e9ditos Deus Na perspectiva do Raja Yoga INTRODU\u00c7\u00c3O Introdu\u00e7\u00e3o &times; Ao longo da hist\u00f3ria, em todos os cantos do mundo e em todas as l\u00ednguas, n\u00e3o h\u00e1 ningu\u00e9m que tenha sido mais lembrado e invocado do que o Ser Supremo. E possivelmente, [&hellip;]<\/p>\n","protected":false},"author":1,"featured_media":0,"parent":0,"menu_order":0,"comment_status":"closed","ping_status":"closed","template":"","meta":[],"_links":{"self":[{"href":"https:\/\/www.brahmakumaris.org.br\/deus\/wp-json\/wp\/v2\/pages\/7"}],"collection":[{"href":"https:\/\/www.brahmakumaris.org.br\/deus\/wp-json\/wp\/v2\/pages"}],"about":[{"href":"https:\/\/www.brahmakumaris.org.br\/deus\/wp-json\/wp\/v2\/types\/page"}],"author":[{"embeddable":true,"href":"https:\/\/www.brahmakumaris.org.br\/deus\/wp-json\/wp\/v2\/users\/1"}],"replies":[{"embeddable":true,"href":"https:\/\/www.brahmakumaris.org.br\/deus\/wp-json\/wp\/v2\/comments?post=7"}],"version-history":[{"count":315,"href":"https:\/\/www.brahmakumaris.org.br\/deus\/wp-json\/wp\/v2\/pages\/7\/revisions"}],"predecessor-version":[{"id":2150,"href":"https:\/\/www.brahmakumaris.org.br\/deus\/wp-json\/wp\/v2\/pages\/7\/revisions\/2150"}],"wp:attachment":[{"href":"https:\/\/www.brahmakumaris.org.br\/deus\/wp-json\/wp\/v2\/media?parent=7"}],"curies":[{"name":"wp","href":"https:\/\/api.w.org\/{rel}","templated":true}]}}